t is 1000010 (base 4) in base 6?
30552
6342 (base 11) to base 12
4a37
What is 1a6 (base 12) in base 13?
17a
What is -1ab18 (base 12) in base 14?
-10620
112201 (base 5) to base 6
30431
What is 221a6 (base 12) in base 16?
b08e
-113426 (base 7) to base 3
-1001001112
Convert -16d6 (base 16) to base 5.
-141341
Convert -524 (base 15) to base 2.
-10010000111
Convert 210 (base 5) to base 11.
50
Convert -1227d (base 15) to base 11.
-3a596
Convert -302 (base 10) to base 15.
-152
-10697 (base 11) to base 2
-11110001110001
-404442 (base 5) to base 15
-3d4c
Convert 41430 (base 5) to base 14.
dda
104366 (base 7) to base 16
47c6
What is -3715 (base 10) in base 13?
-18ca
519 (base 11) to base 15
2ba
Convert 10111110101101 (base 2) to base 5.
342310
Convert -1033 (base 6) to base 2.
-11101101
What is -42a (base 14) in base 16?
-336
-21003 (base 4) to base 8
-1103
-bcc5 (base 13) to base 16
-66f4
Convert -100010100001100 (base 2) to base 14.
-6628
-388 (base 11) to base 10
-459
Convert -165511 (base 7) to base 9.
-50457
What is 2410 (base 5) in base 2?
101100011
Convert -5831 (base 10) to base 2.
-1011011000111
Convert -a458 (base 14) to base 16.
-6e8e
5175 (base 9) to base 10
3794
Convert 4b5 (base 15) to base 3.
1110122
-855 (base 15) to base 7
-5324
What is 66443 (base 7) in base 10?
16691
446 (base 13) to base 6
3222
2201110 (base 4) to base 9
15141
What is 2014 (base 7) in base 14?
37b
Convert 2200 (base 4) to base 15.
aa
What is 2432 (base 7) in base 3?
1020112
Convert a7 (base 15) to base 12.
111
Convert -36187 (base 9) to base 4.
-11322121
Convert -15037 (base 15) to base 4.
-100133200
What is -21041 (base 5) in base 10?
-1396
Convert 293 (base 16) to base 9.
812
What is 20a (base 16) in base 13?
312
Convert 3121 (base 4) to base 13.
139
-2323 (base 7) to base 16
-352
What is -255526 (base 7) in base 10?
-47599
What is 10010110100 (base 2) in base 15?
554
12222100 (base 3) to base 7
15462
Convert -58c (base 13) to base 2.
-1111000001
-1001011111 (base 2) to base 10
-607
What is 1334 (base 5) in base 16?
db
Convert -5140 (base 7) to base 5.
-24132
Convert -3278 (base 11) to base 7.
-15411
-2122001 (base 3) to base 14
-9b0
Convert -110001111110 (base 2) to base 4.
-301332
Convert 2178 (base 10) to base 3.
2222200
Convert 2113023 (base 5) to base 11.
24651
13b (base 13) to base 11
18a
What is 221211 (base 3) in base 12?
4a1
-1137 (base 9) to base 16
-34c
What is 2134 (base 6) in base 4?
13222
Convert 325156 (base 7) to base 12.
29004
What is -371a (base 15) in base 3?
-121002021
10e67 (base 15) to base 16
d270
-344331 (base 5) to base 8
-30262
2621 (base 9) to base 8
3653
What is 370a (base 11) in base 9?
6578
What is -110111000101 (base 2) in base 16?
-dc5
5768 (base 11) to base 6
55024
-10436 (base 7) to base 5
-40444
9cd (base 14) to base 2
11110011001
-99d (base 16) to base 8
-4635
-1101011001111 (base 2) to base 9
-10365
Convert -1201202212 (base 3) to base 4.
-20110301
What is -161532 (base 7) in base 11?
-21a01
What is -234 (base 16) in base 8?
-1064
Convert -134 (base 13) to base 2.
-11010100
What is -16942 (base 10) in base 11?
-11802
Convert -148 (base 14) to base 8.
-404
-100110000000 (base 2) to base 13
-1151
What is 2033002 (base 4) in base 3?
110120001
What is 11268 (base 11) in base 15?
4c5d
-104415 (base 8) to base 10
-35085
What is -5572 (base 8) in base 11?
-2231
-1020022 (base 3) to base 2
-1110000011
Convert -34310 (base 5) to base 11.
-1932
1111100011101 (base 2) to base 12
4739
Convert -44440 (base 6) to base 3.
-22112020
What is -201231 (base 4) in base 8?
-4155
What is 68 (base 13) in base 12?
72
Convert 1212022 (base 3) to base 13.
806
What is -133414 (base 8) in base 9?
-71246
Convert 404 (base 11) to base 16.
1e8
-10001100100 (base 2) to base 8
-2144
What is -4 (base 15) in base 13?
-4
What is -6b16 (base 12) in base 14?
-4510
20030023 (base 4) to base 12
174b7
What is -149d (base 14) in base 3?
-12000211
What is -3640 (base 9) in base 12?
-1699
20d6 (base 14) to base 11
42a0
What is 1001100110000 (base 2) in base 14?
1b0c
What is 511 (base 11) in base 9?
755
Convert -11301 (base 4) to base 11.
-306
What is -a91 (base 11) in base 3?
-1210112
-121312 (base 5) to base 3
-20021201
378 (base 10) to base 12
276
-10210 (base 4) to base 8
-444
562 (base 14) to base 16
42a
1000001001 (base 2) to base 14
293
100100100 (base 2) to base 12
204
What is -4343 (base 10) in base 3?
-12221212
15223 (base 8) to base 14
269d
What is -360601 (base 7) in base 3?
-10022022221
-24a30 (base 13) to base 4
-100200313
What is -695 (base 13) in base 4?
-101300
Convert 144016 (base 8) to base 13.
1a407
What is 174 (base 11) in base 13?
127
160c (base 13) to base 4
302113
What is -71642 (base 9) in base 15?
-dea5
-343 (base 5) to base 4
-1202
Convert -4003 (base 6) to base 7.
-2346
What is -6714 (base 13) in base 2?
-11100000101110
315136 (base 7) to base 9
82821
What is -322 (base 6) in base 8?
-172
-1475 (base 11) to base 7
-5350
What is -12103112 (base 4) in base 5?
-1311224
-1110000110011111 (base 2) to base 9
-87206
Convert 1cb (base 16) to base 7.
1224
Convert 5e3 (base 16) to base 3.
2001211
What is 22203 (base 7) in base 6?
41513
Convert 110111 (base 3) to base 10.
337
566 (base 12) to base 13
495
What is 231331 (base 5) in base 12?
49b1
Convert 8082 (base 11) to base 2.
10100111110010
1605 (base 11) to base 16
80e
-101101111011 (base 2) to base 14
-10dd
202021 (base 3) to base 12
397
-4302 (base 5) to base 3
-210101
-535 (base 11) to base 10
-643
7333 (base 10) to base 2
1110010100101
110011111110110 (base 2) to base 13
c163
What is 321210 (base 4) in base 5?
104214
-110534 (base 6) to base 15
-2b34
2014 (base 8) to base 4
100030
3b (base 16) to base 2
111011
What is 646 (base 15) in base 2?
10110001000
-10120010 (base 3) to base 14
-d35
Convert -3475 (base 11) to base 12.
-277b
-7a (base 14) to base 3
-11000
Convert -11001101110 (base 2) to base 10.
-1646
What is -6728 (base 9) in base 7?
-20324
Convert -5151 (base 15) to base 11.
-119a5
Convert 11137 (base 9) to base 7.
30406
-34026 (base 7) to base 6
-103443
2cb8 (base 14) to base 4
1331002
-23965 (base 12) to base 7
-260012
What is 47221 (base 8) in base 9?
30527
Convert -1021202 (base 3) to base 9.
-1252
What is -306 (base 16) in base 14?
-3d4
What is 1110022011 (base 3) in base 13?
1006c
What is -656 (base 7) in base 15?
-175
What is 8b14 (base 14) in base 13?
ac9b
What is -1611 (base 7) in base 12?
-459
2342 (base 5) to base 13
209
-100010111 (base 2) to base 15
-139
Convert 3616 (base 14) to base 10.
9428
Convert 13321 (base 4) to base 11.
41a
Convert 1012 (base 3) to base 6.
52
Convert -111000 (base 2) to base 6.
-132
What is 1231111 (base 4) in base 2?
1101101010101
What is -11110101011100 (base 2) in base 5?
-1000313
-21205 (base 7) to base 4
-1102000
7031 (base 16) to base 2
111000000110001
What is -678 (base 9) in base 2?
-1000101101
-323 (base 10) to base 16
-143
-2034 (base 5) to base 2
-100001101
Convert 1111100212 (base 3) to base 14.
aa1c
What is -522 (base 12) in base 4?
-23222
What is -2eb (base 16) in base 12?
-523
What is -412223 (base 5) in base 14?
-4c7c
What is -3673 (base 8) in base 7?
-5525
What is -12013 (base 5) in base 3?
-1012201
Convert 3021300 (base 4) to base 8.
31160
What is -130d (base 16) in base 6?
-34325
What is -201 (base 6) in base 8?
-111
-415153 (base 6) to base 10
-33549
Convert -100010110 (base 2) to base 11.
-233
What is 4b6 (base 16) in base 9?
1580
1a762 (base 11) to base 13
101a6
Convert 2162 (base 12) to base 14.
14a6
Convert 1046 (base 7) to base 13.
230
-4994 (base 11) to base 7
-24666
What is -2827 (base 16) in base 9?
-15081
What is -100111020 (base 3) in base 5?
-210133
-5a11 (base 13) to base 2
-11000110010001
7b (base 14) to base 12
91
What is -111101101 (base 3) in base 10?
-9757
12351 (base 8) to base 5
132403
Convert 5027 (base 10) to base 12.
2aab
-1174 (base 16) to base 3
-20010111
8a34 (base 11) to base 5
340040
What is -12311 (base 4) in base 8?
-665
Convert -125410 (base 7) to base 9.
-35241
-b (base 12) to base 15
-b
Convert 26902 (base 12) to base 16.
cf92
Convert 111020200 (base 3) to base 4.
2112321
What is -100111110110100 (base 2) in base 6?
-234244
Convert 27fb (base 16) to base 13.
4874
What is 111100100111001 (base 2) in 